alculate the remainder when 55296 is divided by 27588.
120
Calculate the remainder when 252135 is divided by 83864.
543
Calculate the remainder when 35602896 is divided by 361.
354
What is the remainder when 10692082 is divided by 12?
10
What is the remainder when 59437 is divided by 257?
70
What is the remainder when 26858987 is divided by 866?
863
What is the remainder when 6767997 is divided by 242?
225
Calculate the remainder when 923968 is divided by 9146.
222
What is the remainder when 2869517 is divided by 13281?
821
Calculate the remainder when 155030 is divided by 3246.
2468
What is the remainder when 46287 is divided by 11503?
275
Calculate the remainder when 9164 is divided by 4386.
392
What is the remainder when 18483164 is divided by 264?
260
Calculate the remainder when 654191 is divided by 93455.
6
What is the remainder when 4260197 is divided by 4776?
5
What is the remainder when 101670 is divided by 5570?
1410
What is the remainder when 2825027 is divided by 28?
23
Calculate the remainder when 17824882 is divided by 2674.
2672
What is the remainder when 5116 is divided by 2039?
1038
What is the remainder when 433812 is divided by 357?
57
What is the remainder when 2421870 is divided by 89?
2
What is the remainder when 407210 is divided by 8?
2
What is the remainder when 828716 is divided by 206996?
732
What is the remainder when 462683 is divided by 18?
11
What is the remainder when 20278573 is divided by 648?
61
Calculate the remainder when 10162808 is divided by 4436.
4368
Calculate the remainder when 59100 is divided by 176.
140
Calculate the remainder when 5244507 is divided by 1748169.
0
Calculate the remainder when 2661623 is divided by 5675.
48
What is the remainder when 4337 is divided by 468?
125
Calculate the remainder when 23649493 is divided by 3378499.
0
Calculate the remainder when 145231 is divided by 72609.
13
Calculate the remainder when 157327 is divided by 26138.
499
Calculate the remainder when 199967 is divided by 4793.
3454
Calculate the remainder when 30568 is divided by 822.
154
What is the remainder when 250599 is divided by 299?
37
Calculate the remainder when 13513470 is divided by 21.
12
Calculate the remainder when 707262 is divided by 2689.
55
Calculate the remainder when 786858 is divided by 71358.
1920
What is the remainder when 7677517 is divided by 253?
232
Calculate the remainder when 447945 is divided by 111874.
449
What is the remainder when 6439715 is divided by 919951?
58
Calculate the remainder when 36686066 is divided by 10437.
11
Calculate the remainder when 660925 is divided by 780.
265
What is the remainder when 72472 is divided by 17865?
1012
What is the remainder when 305523 is divided by 152671?
181
Calculate the remainder when 132064594 is divided by 52.
38
Calculate the remainder when 8170095 is divided by 2042521.
11
What is the remainder when 237687 is divided by 902?
461
Calculate the remainder when 1173888 is divided by 389835.
4383
Calculate the remainder when 74212 is divided by 14779.
317
Calculate the remainder when 1866174 is divided by 775.
749
What is the remainder when 1320843 is divided by 660419?
5
Calculate the remainder when 163529 is divided by 1128.
1097
Calculate the remainder when 1134890 is divided by 12608.
170
What is the remainder when 368845 is divided by 704?
653
Calculate the remainder when 34998297 is divided by 225.
222
Calculate the remainder when 2850421 is divided by 547.
4
Calculate the remainder when 216003 is divided by 4778.
993
Calculate the remainder when 6977014 is divided by 13469.
72
Calculate the remainder when 702038 is divided by 16715.
8
Calculate the remainder when 324322 is divided by 1977.
94
What is the remainder when 51779 is divided by 36?
11
What is the remainder when 8372182 is divided by 1167?
124
Calculate the remainder when 4338118 is divided by 7.
1
What is the remainder when 450872 is divided by 149945?
1037
Calculate the remainder when 202382823 is divided by 56.
55
What is the remainder when 802884 is divided by 1134?
12
What is the remainder when 1156159 is divided by 449?
433
What is the remainder when 542810 is divided by 10855?
60
Calculate the remainder when 444547 is divided by 135.
127
What is the remainder when 14687455 is divided by 67066?
1
Calculate the remainder when 24815064 is divided by 382.
344
What is the remainder when 1428119 is divided by 4679?
1024
Calculate the remainder when 2579264 is divided by 28034.
136
Calculate the remainder when 5029308 is divided by 1257311.
64
What is the remainder when 343519 is divided by 14?
1
Calculate the remainder when 1032589 is divided by 913.
899
What is the remainder when 159809 is divided by 811?
42
What is the remainder when 21666854 is divided by 16?
6
Calculate the remainder when 3055568 is divided by 338.
48
Calculate the remainder when 645188 is divided by 1186.
4
Calculate the remainder when 28975 is divided by 5123.
3360
What is the remainder when 18715370 is divided by 223?
95
Calculate the remainder when 34572117 is divided by 1210.
1207
What is the remainder when 292405 is divided by 45?
40
What is the remainder when 95565988 is divided by 3113?
1
What is the remainder when 49325561 is divided by 429?
428
Calculate the remainder when 8637657 is divided by 197.
192
What is the remainder when 1137691 is divided by 142205?
51
Calculate the remainder when 2605576 is divided by 93.
88
What is the remainder when 9797038 is divided by 251202?
160
Calculate the remainder when 86323 is divided by 846.
31
What is the remainder when 523510 is divided by 5866?
1436
Calculate the remainder when 10688964 is divided by 543.
9
What is the remainder when 9096625 is divided by 25?
0
Calculate the remainder when 245512 is divided by 242695.
2817
Calculate the remainder when 4972656 is divided by 3106.
3056
Calculate the remainder when 8847774 is divided by 327695.
9
Calculate the remainder when 568162 is divided by 1060.
2
What is the remainder when 5820 is divided by 3068?
2752
What is the remainder when 33669 is divided by 184?
181
What is the remainder when 17471606 is divided by 27?
14
What is the remainder when 31344842 is divided by 15672412?
18
Calculate the remainder when 1651245 is divided by 9.
6
What is the remainder when 12852 is divided by 581?
70
What is the remainder when 1163425 is divided by 422?
393
What is the remainder when 1130121 is divided by 565058?
5
Calculate the remainder when 6810543 is divided by 5757.
12
Calculate the remainder when 1235083277 is divided by 4084.
4081
What is the remainder when 1763637 is divided by 1558?
1539
Calculate the remainder when 582535 is divided by 582182.
353
What is the remainder when 37395 is divided by 8?
3
What is the remainder when 490291 is divided by 81708?
43
Calculate the remainder when 10433746 is divided by 2608366.
282
What is the remainder when 3080799 is divided by 1026930?
9
What is the remainder when 4015911 is divided by 4016?
3927
What is the remainder when 14932187 is divided by 14932169?
18
Calculate the remainder when 82654 is divided by 6764.
1486
What is the remainder when 3782021 is divided by 945504?
5
What is the remainder when 94387 is divided by 23385?
847
Calculate the remainder when 7579509 is divided by 378975.
9
Calculate the remainder when 1062287643 is divided by 209.
208
What is the remainder when 227703 is divided by 1015?
343
Calculate the remainder when 1228820 is divided by 245754.
50
What is the remainder when 389547 is divided by 1864?
1835
Calculate the remainder when 566725 is divided by 12880.
5
What is the remainder when 2605447 is divided by 137123?
110
What is the remainder when 24410848 is divided by 56?
0
What is the remainder when 231984 is divided by 1252?
364
What is the remainder when 44283 is divided by 43460?
823
What is the remainder when 131246403 is divided by 60?
3
What is the remainder when 415355807 is divided by 399?
398
What is the remainder when 7819423 is divided by 9221?
15
Calculate the remainder when 34046406 is divided by 862.
854
Calculate the remainder when 25135095 is divided by 734.
733
Calculate the remainder when 71839060 is divided by 3530.
30
What is the remainder when 202209932 is divided by 2963?
2960
Calculate the remainder when